6). What is h(m)?
1
Let g(c) = -6*c**3 - c**2 - 3*c + 3. Let n(y) = -y**3 + 8*y**2 + 15*y + 52. Let b be n(10). Give g(b).
-55
Suppose -2*r - 5*x - 5 = 2, x - 13 = -4*r. Suppose r*n = 3*b - 29 + 4, 3*n + 2*b = -6. Let l(t) = -t**2 - 4*t + 3. Determine l(n).
3
Let h(z) = -z**3 - z**2 + z + 1. Let s be (6/5)/((-8)/(-20)). Suppose -s*j = j - 12. Suppose 0 = -4*n + j*o + 9, 3*n = -2*n - 4*o - 12. What is h(n)?
1
Suppose -s = 3*j - j, 4*s - 5*j = 26. Let k be 30 - 4 - (-2 - 1). Let n(h) = 59*h - 35*h + 4 + h**2 - k*h. Calculate n(s).
0
Let s(w) = w**3 - 8*w**2 + 3*w + 8. Let z be (-150)/225 - 40/(-6). Determine s(z).
-46
Let i(p) = p**3 - 8*p**2 + p - 2. Let l = 65 + -65. Suppose l*a - 6 = -g + a, 4*g - 5*a = 22. Give i(g).
6
Suppose 7*q - 3 + 3 = 0. Let v(i) be the third derivative of 1/60*i**5 + q + 1/6*i**3 - 7/24*i**4 + 0*i - 2*i**2. What is v(6)?
-5
Let d(k) = -k**3 - 2*k**2 + k. Let z be d(-2). Let p(j) = 9 - 15 + 5*j + 1 + 8. Give p(z).
-7
Let p(c) = 13*c**2 - 7*c - 22. Let f(s) = -6*s**2 + 4*s + 8. Let y(r) = -5*f(r) - 2*p(r). Calculate y(1).
2
Let w(y) = 5*y**2 + 2*y + 2. Let d be 13/((-52)/(-24)) + -7. What is w(d)?
5
Suppose 0 = -7*r + 14. Let n(a) = 38 + 3*a + 32 - a**r - 67. Determine n(3).
3
Let g(n) = 4*n**3 - 10*n + 13. Let o(r) = 5*r**3 - 2*r**2 - 11*r + 14. Let f(y) = -4*g(y) + 3*o(y). What is f(-7)?
-10
Let z(n) = n**3 + 3*n**2 + 8*n - 6. Let i(v) = 3*v**3 + 10*v**2 + 22*v - 19. Let c(p) = -4*i(p) + 11*z(p). Give c(-7).
10
Let s(a) be the second derivative of -a**5/20 - a**4/6 + a**3/2 - a**2/2 + 22*a. Let u be 18/4*26/39. Suppose 0 = -u*y - 3*t, 4*y + 4*t + 3 = -y. Give s(y).
-1
Let p(n) = 2*n**2 + 6*n - 5. Let d(g) = -2*g**2 - 7*g + 6. Let k(x) = -5*d(x) - 6*p(x). Calculate k(-3).
-15
Let x = -16 - -11. Let s = x + 5. Let r(g) = 0*g + 2*g + s*g + 3*g**2. Calculate r(-2).
8
Let m(s) = 7*s**2 - 3*s - 8. Let l(d) = -3*d**2 + 2*d + 4. Let n(b) = -9*l(b) - 4*m(b). Suppose -2*h + 3*y = 21, -h + 3*h + 9 = -y. Calculate n(h).
-4
Let k be 6/4*6/(-9). Let j be (k/(-2))/(3/(-36)). Let h(a) be the first derivative of a**2 + 4*a + 29. What is h(j)?
-8
Let z(a) be the third derivative of -1/12*a**5 + 1/12*a**4 - 7*a**2 + 0 + 0*a + 1/3*a**3 + 1/120*a**6. Give z(2).
-6
Suppose 17 = 3*o + 4*j, 0 = 2*o - 7*o - j + 17. Let x(y) be the second derivative of -1/12*y**4 - 1/2*y**2 + 0 + 1/5*y**5 - 7*y + 1/3*y**o. Give x(1).
4
Let v(w) be the second derivative of -w**5/20 - 11*w**4/12 - 5*w**3/6 + 11*w**2/2 - 182*w - 2. Give v(-10).
-39
Suppose 2*d - 3*b = -6*b - 19, -d + 7 = -4*b. Let w(m) = 2*m + 9. Determine w(d).
-1
Let w(d) = -15*d - 18837*d**2 + 3 - 9*d + 18834*d**2. Determine w(-8).
3
Let q(d) = 5*d**3 + 2*d**2 - d - 8. Let h(o) = -11*o**3 - 3*o**2 + o + 16. Let k(b) = 6*h(b) + 13*q(b). Suppose 3*i = -p + 18, 11*i + 14 = 5*p + 7*i. Give k(p).
22
Let x(o) be the first derivative of -o**3/3 + 3*o**2 + 6*o + 64. Give x(6).
6
Let c(g) = 3*g - 5. Let h = -20 - -20. Suppose h = -4*v - 32. Let i be 4 + 5*v/(-20). Calculate c(i).
13
Let g = 13 - 11. Let p be (-2)/(-7) + 12/(-42). Let q(x) = p*x**g + 0*x**2 + 4*x**2 + 4 + 6*x - 3*x**2. What is q(-6)?
4
Suppose 3*p - 3*g = 9, -3*p - 3*g = p - 19. Let t(o) = -o**2 + 4*o - 2. Let n(u) = u + 1. Let s(c) = p*n(c) + t(c). Determine s(8).
2
Let v(m) = m + 1. Let i = 23 - 19. Suppose 4*x = -0 + i. Let r = x + -3. What is v(r)?
-1
Let h(q) = -2*q**2 - 7*q - 6. Let b = -22 - -44. Let o = 18 - b. Determine h(o).
-10
Let p(m) = -3. Let v(g) = g - 4. Let q be (((-16)/(-6))/(-4))/((-38)/(-171)). Let o(s) = q*v(s) + 2*p(s). What is o(5)?
-9
Let j = 9 - 4. Let m be 6 + 4/(12/(-9)). Let x(o) = 0 - o + 6 - m + 3. Determine x(j).
1
Let f(v) be the first derivative of 2*v - 4 + 4/3*v**3 + 0*v**2 - 1/4*v**4. Let y(o) = -8*o**3 - 49*o**2 - 8*o - 8. Let i be y(-6). Determine f(i).
2
Let t(k) = k**2 + 6*k + 4. Let l(u) = -u**2 + 2*u - 6. Let i(a) = 5*a**2 - 9*a + 25. Let w(o) = -2*i(o) - 9*l(o). Let s be w(-3). Give t(s).
-1
Let p = 326 + -322. Let q(b) be the first derivative of b**4/4 - b**3 - b**2/2 + b - 1. Calculate q(p).
13
Let o(g) = -6*g**2 - g + 4. Let d = 19 - 24. Let t(l) = 5*l**2 + l - 5. Let n(y) = d*t(y) - 4*o(y). Calculate n(0).
9
Let s(i) = -2*i**3 - i**2 - 1. Let k(t) = 13*t**3 - 6*t**2 + 11*t + 4. Let x(z) = -k(z) - 6*s(z). Give x(11).
2
Let h(g) = -3*g + 4. Let n = 23 - 39. Let z = -24 - n. Let w be (z/(-12))/(4/30). What is h(w)?
-11
Let z(p) = 8304 + p + 8291 - 16570. Determine z(0).
25
Suppose 38 = 4*a + 5*u, 0 = -a - 0*a + 2*u + 3. Let n(l) = -5 - a*l + 3*l + 3. What is n(3)?
-14
Let u(w) = -15 + 2 - 2*w - 2 + 10. Suppose -5*f = 22 + 18. Give u(f).
11
Let c(g) = -g + 1. Let i(l) = 2*l - 2. Let d(y) = -7*c(y) - 3*i(y). Let k be (-24)/(-16) + (-1)/(-2). Suppose 3*z + 28 = -5*t, 2*z + t - k*t = 3. What is d(z)?
-2
Let d = -5256 + 5259. Let i(n) = n - 2. Let r(a) = -a + 1. Let b(k) = 3*i(k) + 2*r(k). Determine b(d).
-1
Suppose -212*r - 108 = -158*r. Let s(n) = n + 5*n**2 - 5*n**2 + 4*n**2. Let i(z) = -3*z**2 - z. Let v(h) = 5*i(h) + 4*s(h). Determine v(r).
6
Let p(a) be the third derivative of -a**4/24 - 4*a**3/3 + 2*a**2. Suppose 0 = 4*y + 16 - 0. Let r be y/10 - 112/20. Give p(r).
-2
Let m(t) = t**3 + 7*t**2 + 1053*t + 5 - 1053*t. Calculate m(-7).
5
Suppose 3*r - g - 3 = 0, -3*r - 2*g + 3 = -0*g. Let q(u) = -11*u + 2*u**2 + 10*u - 4*u**2. Calculate q(r).
-3
Let q(f) = f**3 + 2*f**2 + f - 2. Let d = 113 + -111. Let g = d + -5. What is q(g)?
-14
Let p(a) be the third derivative of -a**7/2520 - a**6/180 + a**5/30 + 17*a**4/12 - 24*a**2. Let s(u) be the second derivative of p(u). Determine s(-4).
4
Let p(t) be the first derivative of t**4/4 - t**3/3 - 3*t**2/2 - t + 425. Let w be (-12)/(-3)*(-3)/(-4). Give p(w).
8
Let s = 8 - 9. Let m be 6 + -8 - 3/s. Suppose m + 9 = -5*i. Let h(p) = -p**2 - 2*p - 1. Give h(i).
-1
Let s(j) = -4*j - 4. Let c(r) = -2*r - 10. Let m be c(-6). Let g be 60/(12/4) + m. Let v = 19 - g. Give s(v).
8
Let g(a) be the second derivative of 4/3*a**3 - 3/2*a**2 + 0 - 7/12*a**4 + 4*a. Let i(w) = 3*w**2 - 4*w + 1. Let h(p) = 4*g(p) + 9*i(p). What is h(-3)?
0
Suppose -2*i = -4*f - 12, 6*i + 5*f + 4 = 3*i. Let b(x) be the third derivative of -5*x**4/24 + x**3/6 + 3*x**2 + 12*x. Calculate b(i).
-9
Suppose -3*s + 51 = 12. Let x(w) = -2*w**3 + 21*w**2 + 29*w + 23. Let a(p) = -p**3 + 10*p**2 + 14*p + 11. Let m(q) = s*a(q) - 6*x(q). Determine m(6).
-19
Let k be (0 - 0) + 108/(-36). Let t(y) = 3*y**3 + 0*y + 3*y - 5*y**3 - y**2 + y**3. Give t(k).
9
Let c(x) = 5*x - 136. Let r be c(26). Let q(z) = -2*z - 9. Give q(r).
3
Let x(i) = 17*i**3 + 2*i - 1. Let z = 798 - 797. What is x(z)?
18
Let x(i) be the first derivative of -i**6/120 - i**5/10 - 7*i**4/24 - 2*i**3/3 - 15*i**2/2 - 9. Let w(r) be the second derivative of x(r). What is w(-5)?
6
Let j be (-24)/(-10)*(-40)/6. Let z be 5/(-2)*32/j. Let f(m) = m**3 - 5*m**2 - 3*m + 5. What is f(z)?
-10
Let g(z) = -z**3 - z + 3 - 15 - 8 - z**2 + 35. Let o = -1 - 0. Let x = o + 1. What is g(x)?
15
Let d(j) = -8*j + 1. Let b(m) = -15*m. Let n(q) = -5*b(q) + 9*d(q). Give n(-8).
-15
Let p = 33 + -14. Let w = -17 + p. Suppose -4*o = -o + w*u - 6, 2*u = -6. Let x(y) = y - 4. Determine x(o).
0
Let v(o) be the second derivative of -24*o - 1/12*o**4 - 1/3*o**3 + 0 + 1/2*o**2. Suppose 4*j - 2*l - 4 = 0, -6*j + j + 5 = 5*l. Determine v(j).
-2
Let v(g) = g**2 + 2. Let c be v(0). Suppose -5*o + c*b = -9, -o + 3*o - 5*b - 12 = 0. Let q(u) = 23*u. Give q(o).
23
Let u(f) = -f + 1. Let n(h) = -h**3 - 4*h**2 + 13*h. Let r(c) = -n(c) - 6*u(c). Determine r(-5).
4
Let s(m) = m**3 + m + 1. Let l be ((-5)/10 - 0)*-72. Let z(p) = -17*p**3 + 16*p**2 - 2*p - 3 + 20*p**2 - l*p**2. Let o(x) = -2*s(x) - z(x). Give o(-1).
-14
Let b(a) = 4*a. Let o(u) = u**3 + 12*u**2 + 12*u + 23. Let w be o(-11). Suppose -9 = w*g - 3*g. Give b(g).
-4
Let a be ((-10)/(-5))/(4/6 - 0). Let r(x) = -x + 1. Let f(p) = -p**3 + 3*p**2 + p + 1. Let j(t) = a*r(t) - f(t). What is j(4)?
2
Let g(f) be the first derivative of 2/3*f**3 + 2*f**2 + 2*f - 1/4*f**4 - 17. Calculate g(4).
-14
Let p(v) be the first derivative of -v**2/2 + 4*v - 152. Let j = 10 + -6. Calculate p(j).
0
Let m(t) be the first derivative of 2/3*t**3 + 3*t + 11 + 0*t**2 + 1/4*t**4. Let w be 7/(-21) + 16/(-6). Give m(w).
-6
Let r(z) = z**3 - 5*z**2 -